 + m(y). Let x be s(-8). Is z(x) a prime number?
True
Suppose -179 = -x - c, 2*x - 209 = -4*c + 149. Is x prime?
True
Let u be 41*1*(-2)/2. Let h = u + 126. Suppose 4*g + h = 281. Is g a composite number?
True
Suppose 5*t = 6160 + 255. Is t composite?
False
Suppose 0 = 2*c - 2*d - 478, 0*d + 3*d = -4*c + 977. Suppose 4*l + 2 = c. Is ((-17)/(-4))/(3/l) composite?
True
Let y(b) = -b - 1. Let q be y(-5). Is (-2 - q)*14/(-4) prime?
False
Let n(o) = 21*o + 7. Let y(z) = 11*z + 3. Let g(j) = 4*n(j) - 7*y(j). Let f be g(5). Suppose 2*c = -t + 24, -4*c - 2*t = 3*t - f. Is c composite?
False
Let o = 23 - 38. Let d be 24/10 - (-6)/o. Suppose -n + 21 = n + 5*x, -d*n + 24 = 2*x. Is n composite?
False
Let c(t) be the second derivative of 2*t + 0 + 1/2*t**2 + 3*t**3. Is c(2) a prime number?
True
Let y(s) = 3*s**3 + 5*s**2 + s - 9. Let h be y(-3). Let d(z) = -6*z**2 + 5*z - 6. Let u be d(-5). Let c = h - u. Is c a composite number?
True
Suppose -120 = -2*l - 2*z, -5*l = -8*z + 3*z - 290. Is l a composite number?
False
Let j be (0 + -2)/(1/(-41)). Suppose 5*a = 3*f + 336, 3*a - 113 = 4*f + j. Is a a prime number?
False
Let p(t) = -t**2 - 4*t + 1. Let w be p(-4). Let i = 0 + w. Is i/((-2)/(-118)*1) a composite number?
False
Suppose -12 = -2*o - 2*o. Let n be o - (-8 + (-1)/(-1)). Let k(p) = 2*p**2 - 11*p + 1. Is k(n) a prime number?
False
Suppose -k - 2*i + 250 = -2*k, -496 = 2*k - 3*i. Let d = k + 369. Is d composite?
False
Suppose s + 78 = -s. Let l be (s/(-1))/((-4)/(-12)). Suppose t + 5*b = l, 2*t - b = 2*b + 260. Is t prime?
True
Let s(t) = -t**2 - t + 33. Let w be s(0). Let x = w - 12. Is x prime?
False
Suppose 5*l = 1687 + 5208. Is l composite?
True
Suppose -4*z + 9*z = 25, -3*p + 2*z + 152 = 0. Suppose -4*v - v + 350 = -y, v = -3*y + p. Is v prime?
False
Let n(f) = -41*f + 23. Is n(-4) a prime number?
False
Let h(r) = 8*r - 1. Suppose 6 = 2*p - 8. Is h(p) prime?
False
Let i be 2 + 1 + -54 - -1. Suppose 5*g = -4*y + 3*y + 23, -3*y + 39 = 5*g. Let n = y - i. Is n prime?
False
Let u = 171 + 59. Let h = u + -163. Is h a composite number?
False
Let d(b) = -b**3 - 6*b**2 + 3. Let q be d(-6). Is ((-194)/(-4) - q)*2 a composite number?
True
Let d(x) be the third derivative of -1/6*x**4 - 1/2*x**3 + 1/15*x**5 + 0 + 2*x**2 + 0*x. Is d(5) prime?
False
Let r = 927 + 350. Is r prime?
True
Let n = -22 + 33. Is 1*250 + (8 - n) prime?
False
Let a be (-58 - 1)*10/(-5). Let y = 97 + -180. Let h = a + y. Is h a composite number?
True
Let o(w) = 5*w - 3. Let d be o(3). Suppose 0 = i - 5*l - 3, l = 6*i - 4*i + d. Is 1028/28 - 2/i a composite number?
False
Suppose -362 = -4*b + 146. Is b a prime number?
True
Let z(v) = 12*v - 5. Is z(3) a prime number?
True
Suppose -3*o = -6 + 15. Let j = o + 8. Suppose 5*r = -j*q - 0*q + 40, -5*q - 20 = -r. Is r prime?
False
Is (2/3)/((-12)/(-1998)) a composite number?
True
Let u = 105 - -151. Let m = u - 167. Is m prime?
True
Let s be (-9)/(-15) - 586/10. Let d = -26 - s. Suppose 158 = 4*h + 2*y, -4*y + 5*y = h - d. Is h a composite number?
False
Let a(r) = 66*r**2 + 2*r - 1. Is a(1) a composite number?
False
Let l be (156/16)/((-1)/(-24)). Suppose -4*p + 1350 = l. Is (-1)/2*(1 - p) a composite number?
False
Let g(z) = -89*z + 4. Let q be g(-8). Suppose -w - q = -5*w. Is w a composite number?
False
Let a = -10 + -3. Let h be (64/20)/(6/15). Let t = h - a. Is t composite?
True
Let p = 572 - 75. Is p composite?
True
Let o(u) = -4*u**2 - 7*u + 3. Let n(x) = 3*x**2 + 6*x - 3. Let z(t) = -5*n(t) - 4*o(t). Let p(l) = l - 4. Let w be p(6). Is z(w) prime?
True
Let d(z) = 6*z**2 + 16*z - 24. Is d(-17) prime?
False
Let m(s) = 2*s**2 - s. Let c be m(1). Suppose c = -q + 8. Let d(x) = x**2 + 4*x - 10. Is d(q) a composite number?
False
Let m(o) = o**3 - 2*o**2 + o + 9. Is m(5) a prime number?
True
Let g = 9 + -2. Suppose 5*m + f = m + 13, 3*m - g = 2*f. Is m prime?
True
Suppose m + 2*l - 4 = 0, 3*m = 3*l - 1 - 5. Suppose 4*n - 53 = -d + 22, m = 5*d - 4*n - 279. Is d composite?
False
Suppose 3*f + 5*k = 2553, -379 - 1323 = -2*f - 2*k. Is f a prime number?
False
Let v(o) = -o**3 + 6*o**2 - 3*o - 5. Suppose 3*g - f = 13, -2*g + 3*f - 17 = -7*g. Is v(g) composite?
True
Suppose -3*p = -7*p + 4. Suppose 2*s = -p + 7, 5*f - 334 = -3*s. Is f prime?
False
Suppose 866 = 2*o - 4*q, -4*q = -5*o + 1773 + 368. Let a = o + -138. Is a a composite number?
True
Suppose -z + y - 3963 = 0, -z - 19795 = 4*z - y. Is z/(-7) + (-21)/49 prime?
False
Suppose 65 = -m - 75. Let n = 104 - m. Suppose n = 4*b - 4*y, 3*b = 2*b - 5*y + 37. Is b a prime number?
False
Let g(r) = r**2 + 4*r. Let s be g(6). Suppose 5*q = -s + 325. Is q a composite number?
False
Let f(b) = -47*b - 1. Let a be f(-1). Suppose 4*p = -5*h + a, 0 = -5*h - 5*p + 30 + 15. Is h a prime number?
False
Suppose -5*m - 253 = -2318. Is m prime?
False
Let p(y) = 61*y - 5. Let q be p(-3). Is (3 - (-39)/(-12))*q composite?
False
Is (-8326)/(-12) - ((-57)/18 - -3) prime?
False
Let i = -38 + 116. Let r = 10 + -21. Let f = i - r. Is f composite?
False
Suppose 0 = 3*c - 0*c - 1965. Is c prime?
False
Is 4*((-535)/(-10) - -3) a composite number?
True
Let t(n) = 2*n**2 - n + 1. Let m be t(1). Let o(v) = -v + 3*v**m - v**3 + 3 - 2 - v**2. Is o(-2) a prime number?
True
Let k = -8 + 4. Let h be 2/k*(7 + 3). Is (-123)/h + 4/10 a composite number?
True
Let z(j) = j**2 - 13*j + 7. Let u be z(11). Is 2112/9 - 5/u a prime number?
False
Suppose -24 + 4 = -5*k. Suppose -k*b + 3*o = -449, -5*b - o + 566 = -0*o. Is b prime?
True
Suppose 3*w + 4*f = 5839, -3*w + 5831 = 5*f - 3*f. Is w a prime number?
False
Let h = -2521 - -3740. Is h a prime number?
False
Let r = -13 - -6. Suppose 3*h + 0*h = 21. Is 236/h + (-2)/r prime?
False
Suppose -129 = 251*r - 254*r. Is r a prime number?
True
Let h be (-2 + -2)*(-3 - 1). Suppose h = 3*p - 239. Is p composite?
True
Suppose -2 = -l + 104. Is l a prime number?
False
Suppose r + 3*b + 639 = 2197, 2*r + 5*b - 3111 = 0. Is r prime?
True
Let y be -3 + 1/(3/168). Suppose y = 5*i - 4*i. Is i prime?
True
Let v = 770 + -163. Suppose 5*h - v = 3*m, -2*h + 8 + 231 = -5*m. Let c = h + -67. Is c composite?
True
Let n = 2707 - 1646. Suppose 5*z - 794 = n. Is z prime?
False
Suppose -4*r + 5*x = -1, 16 = r + x + 3*x. Suppose -5*j - r*u + 493 = 0, -3*j - u = 90 - 383. Is j prime?
True
Is ((-4)/2)/(((-12)/3802)/3) a composite number?
False
Suppose -5*f - 3*h + 5*h = -198, 4*f = 4*h + 168. Is f composite?
True
Suppose -18*z - 9533 = -30791. Is z composite?
False
Suppose -2*x + 5 = -x, -v = 4*x - 408. Suppose -r - v = -5*r. Is r prime?
True
Let n be 4 + 0 + 2 + -2. Let t(u) = 2*u + n + 3*u + 8*u**2 + u**3 + 3. Is t(-6) composite?
True
Let w(a) = a**3 - 5*a**2 + 1 - 7*a + 4*a**2 - 2*a. Is w(6) composite?
False
Is (-1)/((-1 - 5437/(-5435))/(-2)) composite?
True
Suppose 3*l = 2*p + 94, l - 2*p - 122 = -3*l. Suppose -2*o - 8 = -l. Let x = o + 13. Is x prime?
True
Let q(p) be the second derivative of -22*p**3/3 - 3*p**2/2 - p. Let k be ((-12)/(-18))/((-2)/6). Is q(k) prime?
False
Suppose -4*d - v - v + 240 = 0, -2*d - 3*v = -124. Is d prime?
True
Let d = 152 + -91. Is d - (6*-1)/(-3) a composite number?
False
Let j be ((-6)/8)/(6/48). Is 106 - j - -3*1 prime?
False
Is (1713/9)/((-3)/(-9)) a prime number?
True
Is 9/(-15) + (-212)/(-20) a composite number?
True
Let y(s) = 2*s**3 + 24*s**2 + 7*s - 11. Is y(-10) a prime number?
False
Let g = -49 - -29. Let c = 30 + g. Is c composite?
True
Let g(h) = 4*h**3 - 7*h**2 - 4 + 9*h - 3*h**3 + 7 - 3*h**2. Is g(10) a prime number?
False
Let i(u) = -7*u**2 + 5*u - 4. Let p(g) = -6*g**2 + 6*g - 3. Let m(n) = 4*i(n) - 5*p(n). Is m(8) composite?
False
Let d = -678 - -985. Is d prime?
True
Let o be 1 + 21/3 - 4. Let h(j) = -2*j**3 + j**3 + 4*j**2 + 5 - 1. Is h(o) composite?
True
Let c(r) = 14*r**2 - 1. Let f = 8 + -5. Suppose -f*k - 4 = -1. Is c(k) a composite number?
False
Let s be 1290/27 + 4/18. Suppose 0 = -3*q + 15 + 24. Let k = s - q. Is k composite?
True
Let i = 358 + -209. Is i composite?
False
Suppose v + 4*l = -2 + 3, -21 = -4*v + l. Suppose -t = -v*f - 69, -2*t + 89 = -3*f - 21. Is t a composite number?
True
Suppose -9 = -y - 4*k + 3*k, -5*y + 2*k = -80. Let w = -4 - -6. Suppose 0*q = -3*q - 2*v + y, -q - w = 4*v. Is q a composite number?
True
Let z be (24/(-32))/(1/8). Is (-8)/24